te?
False
Is 170591029 prime?
False
Is 6188453 composite?
True
Is 110321477 a composite number?
True
Is 2471503 composite?
False
Is 322172723 a composite number?
False
Is 85297 prime?
True
Is 55896457 composite?
True
Is 1019093 a prime number?
True
Is 279443 a composite number?
False
Is 1620371 a composite number?
False
Is 13540511 composite?
False
Is 1242116119 composite?
False
Is 1715411 composite?
False
Is 1320393 a composite number?
True
Is 92346961 prime?
False
Is 266730377 composite?
True
Is 6074879 prime?
False
Is 72724107 composite?
True
Is 18605131 a composite number?
False
Is 2541467 composite?
True
Is 688187 a composite number?
False
Is 623352181 a prime number?
True
Is 2159533 a prime number?
True
Is 357203149 prime?
False
Is 122670629 prime?
False
Is 2391499 prime?
False
Is 209061221 composite?
False
Is 11053741 a prime number?
True
Is 136149331 composite?
False
Is 657703 prime?
True
Is 17201045 composite?
True
Is 7222241 a composite number?
True
Is 926617 a composite number?
False
Is 1066685 a composite number?
True
Is 4160507 a prime number?
False
Is 247957 a composite number?
False
Is 240577 prime?
False
Is 49554257 prime?
False
Is 180971389 a composite number?
True
Is 535273 composite?
False
Is 1006847 prime?
True
Is 15631811 a prime number?
False
Is 1612548701 a prime number?
True
Is 4442357 a prime number?
True
Is 60887201 composite?
False
Is 14889061 prime?
False
Is 88193743 composite?
True
Is 166508519 a prime number?
False
Is 24431609 prime?
True
Is 5894423 a prime number?
False
Is 51964301 a prime number?
True
Is 582299 composite?
False
Is 9374359 a composite number?
False
Is 1762841 composite?
True
Is 328887239 a prime number?
True
Is 1016997991 a prime number?
False
Is 3065071 composite?
True
Is 42131749 a prime number?
False
Is 1011763 prime?
True
Is 28369553 a composite number?
False
Is 3769949 a prime number?
True
Is 858203 a prime number?
False
Is 2119571 prime?
False
Is 6966163 prime?
True
Is 2818577 a prime number?
True
Is 136994527 a composite number?
False
Is 35929643 composite?
True
Is 3540711 prime?
False
Is 103531 prime?
False
Is 979448861 a prime number?
True
Is 4127611 a prime number?
True
Is 7059842 composite?
True
Is 747091 prime?
False
Is 2449127 prime?
False
Is 194847473 a prime number?
True
Is 2038549 a composite number?
False
Is 84704623 prime?
True
Is 143235299 a prime number?
False
Is 3904661 a composite number?
True
Is 283907717 a composite number?
True
Is 2261783 a composite number?
True
Is 4776511 a composite number?
True
Is 5253587 composite?
False
Is 6945437 a composite number?
False
Is 4155401 a prime number?
True
Is 24276337 prime?
True
Is 109240591 a composite number?
False
Is 2255549 a composite number?
False
Is 44446091 prime?
False
Is 29011183 a prime number?
True
Is 4687721 a composite number?
False
Is 45238681 prime?
True
Is 8074207 a composite number?
False
Is 71446681 a prime number?
False
Is 636917 a composite number?
False
Is 41727241 composite?
True
Is 334204963 composite?
True
Is 91058519 composite?
True
Is 170349563 prime?
True
Is 33912191 prime?
True
Is 70285 prime?
False
Is 55364651 a prime number?
False
Is 44101559 a composite number?
False
Is 3926849 prime?
True
Is 8547767 a composite number?
False
Is 6355049 prime?
True
Is 134578217 a prime number?
False
Is 2172283 a composite number?
False
Is 5058437 composite?
False
Is 163216489 prime?
False
Is 3436793 a composite number?
False
Is 11897941 a prime number?
False
Is 46074913 a composite number?
True
Is 150049499 a prime number?
True
Is 320943921 prime?
False
Is 66430261 a prime number?
True
Is 170039 composite?
True
Is 1349023111 composite?
False
Is 23693837 a composite number?
False
Is 17124599 a composite number?
True
Is 1047109759 prime?
False
Is 12413571 a composite number?
True
Is 25476791 composite?
False
Is 47851355 prime?
False
Is 36887573 composite?
False
Is 184977137 prime?
True
Is 5050249 prime?
True
Is 4995761 a prime number?
False
Is 6387245 prime?
False
Is 4262143 a composite number?
False
Is 49910519 prime?
False
Is 21813331 prime?
True
Is 92525243 a prime number?
True
Is 6515543 a composite number?
False
Is 8883649 prime?
True
Is 2144951 composite?
False
Is 21620317 a composite number?
False
Is 3420367 a composite number?
False
Is 56574233 a prime number?
False
Is 7160627 composite?
True
Is 51774241 a composite number?
True
Is 1875611 a composite number?
False
Is 138617 composite?
False
Is 73065701 a prime number?
True
Is 164767 a prime number?
True
Is 11136479 a prime number?
False
Is 28641343 a prime number?
True
Is 32267671 prime?
True
Is 1627726 composite?
True
Is 1251409 a composite number?
False
Is 11984113 a composite number?
True
Is 598849 composite?
True
Is 23061769 composite?
True
Is 1793503 prime?
True
Is 1051197791 composite?
True
Is 1073857 prime?
True
Is 210511289 a composite number?
True
Is 1559057 a composite number?
False
Is 23381093 prime?
False
Is 331309 a composite number?
True
Is 20039191 a prime number?
True
Is 2965471 a prime number?
True
Is 4221827 composite?
False
Is 211027117 a composite number?
True
Is 13083671 prime?
False
Is 70002913 a composite number?
False
Is 748042931 prime?
False
Is 16832339 prime?
True
Is 963379 composite?
False
Is 9503903 a prime number?
False
Is 5343313 a prime number?
False
Is 92627767 a composite number?
False
Is 6113293 a prime number?
False
Is 63272815 composite?
True
Is 18532541 prime?
False
Is 9826769 a prime number?
True
Is 516171563 prime?
True
Is 136152853 prime?
True
Is 87199393 prime?
False
Is 529804967 composite?
True
Is 24632897 composite?
True
Is 4262386 a prime number?
False
Is 4234643 a composite number?
True
Is 354906109 prime?
False
Is 537654941 prime?
True
Is 278163205 a composite number?
True
Is 1842899 a prime number?
True
Is 29393711 composite?
False
Is 8172143 composite?
True
Is 26840701 prime?
False
Is 8428547 a composite number?
False
Is 2944937 a composite number?
False
Is 3393583 composite?
False
Is 144608081 a composite number?
True
Is 4803413 a composite number?
False
Is 239551 prime?
False
Is 39632497 a composite number?
False
Is 14842131 prime?
False
Is 185808947 a prime number?
False
Is 71229127 composite?
True
Is 7060187 prime?
True
Is 184502401 composite?
True
Is 14913227 prime?
False
Is 34091359 a composite number?
True
Is 39394987 a prime number?
True
Is 313261 a prime number?
False
Is 139136233 a prime number?
True
Is 108417797 a prime number?
True
Is 5464451 a composite number?
False
Is 66118079 a prime number?
False
Is 9802679 composite?
True
Is 26411977 a prime number?
False
Is 33396971 prime?
False
Is 245657567 a prime number?
False
Is 305248093 a prime number?
True
Is 24190039 composite?
False
Is 44882627 composite?
True
Is 164567 composite?
True
Is 195984571 a composite number?
False
Is 1211251 a composite number?
True
Is 2269471 a prime number?
False
Is 2779363 a composite number?
False
Is 684631 prime?
False
Is 47189 composite?
False
Is 3979463 composite?
False
Is 33994741 a composite number?
True
Is 19732147 a composite number?
False
Is 445124557 a composite number?
False
Is 2196449 composite?
False
Is 4901081 a prime number?
False
Is 233965049 composite?
False
Is 198151771 composite?
False
Is 1359580673 prime?
False
Is 6875917 composite?
True
Is 3951355 a composite number?
True
Is 4638541 composite?
False
Is 35337521 prime?
True
Is 31649833 a composite number?
False
Is 1272749 a prime number?
True
Is 931471 a prime number?
False
Is 31762651 a prime number?
False
Is 18453121 prime?
False
Is 9442879 composite?
True
Is 324100163 a prime number?
True
Is 15504311 a composite number?
False
Is 6404873 a prime number?
True
Is 2509099 composite?
True
Is 5726683 composite?
False
Is 856465 a composite number?
True
Is 109743169 a composite number?
False
Is 65816807 prime?
False
Is 1586023 a composite number?
False
Is 2849199 prime?
False
Is 3313399 a composite number?
False
Is 23100197 a prime number?
False
Is 4681559 a composite number?
False
Is 9202114 a prime number?
False
Is 125677757 prime?
True
Is 85996067 a composite number?
False
Is 16879229 a composite number?
True
Is 3642231 prime?
False
Is 41624357 a prime number?
True
Is 13945285 a prime number?
False
Is 193750481 a composite number?
False
Is 139586731 a